 23781 and 6069.
3
Calculate the greatest common divisor of 32992988 and 2716.
28
Calculate the greatest common factor of 259082 and 174782.
562
Calculate the greatest common divisor of 2563019 and 472.
59
Calculate the highest common factor of 108 and 3371802.
6
What is the highest common divisor of 165 and 48858590?
55
Calculate the greatest common factor of 3258916 and 506.
46
What is the greatest common factor of 212424 and 516?
12
What is the highest common divisor of 25553 and 58652?
11
Calculate the greatest common factor of 292529 and 817.
43
What is the greatest common factor of 642703744 and 59256?
6584
Calculate the highest common factor of 745 and 580802.
149
What is the highest common divisor of 1836 and 140081904?
612
Calculate the greatest common factor of 785400 and 98532.
1428
What is the highest common divisor of 9 and 109191822?
3
What is the highest common divisor of 1617261 and 986?
17
What is the greatest common factor of 850855 and 458590?
1895
What is the greatest common factor of 1354255 and 3465?
35
Calculate the greatest common factor of 82 and 2117835812.
82
Calculate the highest common divisor of 9 and 1220841.
9
What is the highest common divisor of 456 and 116546760?
456
Calculate the highest common factor of 32054 and 64766.
94
Calculate the greatest common factor of 10567223 and 628484.
3343
What is the highest common factor of 98692 and 14212?
44
What is the greatest common divisor of 5368 and 1021933?
671
Calculate the greatest common divisor of 2210519 and 8659.
1237
Calculate the highest common divisor of 38479 and 902727.
161
What is the greatest common divisor of 18582148 and 260?
52
What is the highest common factor of 795248584 and 26?
26
Calculate the highest common factor of 530517 and 9760.
61
Calculate the greatest common divisor of 9507904 and 266.
266
What is the greatest common divisor of 14598 and 27006?
6
What is the greatest common factor of 581140337 and 538?
269
What is the greatest common factor of 36867733 and 1596?
133
What is the greatest common divisor of 18037 and 12172?
17
What is the highest common factor of 1740 and 204279770?
290
Calculate the greatest common factor of 7277 and 728083.
383
Calculate the greatest common factor of 141668 and 1143937.
107
What is the greatest common factor of 1803796 and 12?
4
What is the greatest common divisor of 2 and 612365?
1
What is the highest common divisor of 486494 and 2422754?
694
What is the greatest common divisor of 5694 and 68796806?
1898
What is the highest common factor of 115315473 and 78?
39
Calculate the greatest common factor of 83927 and 3401401.
943
What is the greatest common divisor of 114907766 and 4?
2
Calculate the greatest common divisor of 4233222 and 9.
9
What is the highest common divisor of 53272184 and 6020?
1204
What is the highest common factor of 11040 and 411072?
96
Calculate the highest common divisor of 724872 and 13380.
12
What is the highest common factor of 993642 and 10816?
26
Calculate the highest common divisor of 7728 and 1761424.
112
What is the greatest common factor of 3396 and 18407452?
1132
What is the greatest common factor of 142696728 and 3240?
648
What is the highest common factor of 132 and 2545128?
12
Calculate the highest common factor of 62174099 and 57.
19
Calculate the highest common divisor of 21078 and 2744824.
2342
What is the highest common factor of 360820 and 160?
20
What is the greatest common factor of 427486 and 30806?
422
Calculate the greatest common divisor of 1457329 and 423.
47
Calculate the highest common divisor of 19266750 and 240.
30
What is the highest common divisor of 347292300 and 5?
5
Calculate the greatest common factor of 70615 and 5672110.
145
Calculate the greatest common divisor of 4690 and 290365.
5
What is the highest common divisor of 9705082 and 58?
58
Calculate the greatest common factor of 202217 and 6612.
551
What is the greatest common factor of 9398142 and 936?
234
Calculate the highest common factor of 508384586 and 106.
106
What is the highest common divisor of 606590 and 90?
10
What is the highest common factor of 66 and 2811996?
66
What is the greatest common factor of 28070928 and 28002?
2154
What is the highest common divisor of 581507487 and 1452?
363
What is the greatest common factor of 37976 and 7932136?
808
Calculate the greatest common factor of 205920 and 54.
18
What is the greatest common factor of 14454437 and 136?
17
Calculate the greatest common divisor of 3267 and 66802527.
1089
What is the highest common factor of 81836037 and 27?
9
Calculate the greatest common factor of 130 and 1617160.
10
Calculate the highest common divisor of 2798425949 and 11.
11
Calculate the greatest common factor of 6796800 and 585.
45
What is the greatest common factor of 387486 and 250496?
3914
What is the greatest common factor of 18 and 310777086?
6
What is the greatest common factor of 1634 and 454818998?
1634
Calculate the greatest common factor of 70375 and 1922645.
2815
What is the greatest common factor of 15686503 and 1396?
349
What is the highest common divisor of 27692 and 442912771?
6923
What is the greatest common divisor of 91 and 20757618?
7
Calculate the highest common factor of 1160 and 3834815.
145
Calculate the greatest common divisor of 46209180 and 90.
30
What is the highest common divisor of 448069 and 46801?
17
What is the greatest common divisor of 115473120 and 1400?
280
What is the greatest common factor of 63958 and 119426?
566
What is the highest common divisor of 86390 and 19398?
106
Calculate the highest common divisor of 531147459 and 651.
93
What is the highest common factor of 268765 and 43855?
245
What is the highest common divisor of 4155509 and 38?
19
What is the highest common factor of 61230 and 208455?
195
What is the highest common divisor of 92169 and 9779?
77
What is the greatest common factor of 57218976 and 1220?
244
What is the highest common divisor of 2873378 and 46300?
926
What is the greatest common divisor of 16670 and 31470?
10
What is the greatest common divisor of 2261376 and 3408?
48
What is the greatest common divisor of 7939321 and 6422?
247
Calculate the greatest common factor of 15 and 89547890.
5
What is the greatest common divisor of 5943129 and 354?
177
Calculate the greatest common factor of 5 and 21155.
5
What is the highest common factor of 219 and 149343984?
219
What is the greatest common divisor of 2097991 and 77?
7
Calculate the greatest common divisor of 78 and 5637558.
6
What is the greatest common factor of 36557811 and 243?
81
Calculate the highest common factor of 11216534 and 8610.
574
What is the highest common divisor of 5566896 and 4464?
144
Calculate the highest common factor of 3873395454 and 46.
46
Calculate the highest common factor of 126138771 and 36.
9
What is the highest common divisor of 373781965 and 113?
113
What is the highest common factor of 220010 and 30639760?
4490
What is the highest common factor of 8160 and 14075184?
816
Calculate the highest common divisor of 16805 and 66591493.
3361
Calculate the greatest common factor of 8202130 and 5.
5
Calculate the greatest common divisor of 14556450 and 7200.
150
What is the greatest common divisor of 976356780 and 217?
217
Calculate the highest common factor of 524 and 8922148.
524
Calculate the greatest common divisor of 85841 and 2821.
7
Calculate the highest common factor of 11781 and 1813203.
1071
Calculate the highest common divisor of 17698884 and 21056.
1316
What is the greatest common factor of 1684 and 53869897?
421
What is the greatest common divisor of 264 and 5362698?
66
Calculate the highest common divisor of 712667 and 1066609.
4783
Calculate the highest common divisor of 204 and 180299382.
102
Calculate the highest common divisor of 2099529 and 81.
9
What is the highest common divisor of 217 and 1387994?
31
Calculate the highest common factor of 33224740 and 360.
20
What is the greatest common factor of 48 and 31610718?
6
Calculate the highest common factor of 11340 and 16420.
20
What is the highest common factor of 1714180 and 32760?
260
Calculate the highest common divisor of 455 and 4536700.
35
Calculate the highest common divisor of 23 and 71178307.
23
What is the greatest common divisor of 174770955